s of d?
2, 5
Let s = -145 + 161. What are the prime factors of -354*s/(-6) + -6?
2, 7, 67
Let h be ((-136)/(-10) - 2) + 38/95. List the prime factors of 20/6*(-7 + 1218/h).
3, 5, 7
Let z = -37 + 50. Let b(r) = -1 - 2 - z*r + 2. List the prime factors of b(-1).
2, 3
Let v = -20 - -26. Suppose -2*f - 12 = -v*f. Suppose 5 = f*k - 130. List the prime factors of k.
3, 5
Let q = 240 + -230. Let y(i) = 123*i + 271. What are the prime factors of y(q)?
19, 79
Suppose -8*c - 117 = 27. What are the prime factors of (-9)/2*528/c?
2, 3, 11
Let v = 302 - 117. Suppose q = -4*p + v + 272, -5*q + 5*p = -2160. List the prime factors of q.
19, 23
Let d(a) = -540*a - 1 - a**3 - 2 + 536*a + 15*a**2 - 2. What are the prime factors of d(6)?
5, 59
Let o = 50 + -29. Let x be 33/(-7) - 6/o. Let u(v) = -v**2 - 9*v - 8. List the prime factors of u(x).
2, 3
Suppose -2*k = -549 + 553. Suppose -3*a = a + 4. What are the prime factors of -1 + 38*k/a?
3, 5
Suppose -5*j = 5*j + 140. Let l be (j/35 - 16/10) + 5. What are the prime factors of 5*36 + 5/(-2 - l)?
179
Suppose 18*m - 5*v = 13*m + 39120, -3*v = 0. What are the prime factors of m?
2, 3, 163
Suppose 0 = 4*g + 12, 5*f - 4*g - 84642 = 2*f. What are the prime factors of f?
2, 5, 7, 13, 31
What are the prime factors of 3/9*(-368253)/(-12)*4?
3, 23, 593
Suppose 499 + 1436 = -9*i. Let k = 162 - i. What are the prime factors of k?
13, 29
Suppose 0 = 181*a - 591*a + 5849060. List the prime factors of a.
2, 7, 1019
Suppose 0 = 129*h - 136*h + 28. Suppose 4*i + f - 1864 = 442, h*f = 5*i - 2893. What are the prime factors of i?
577
Suppose -4*p + 3*g = 18 + 1, -2*p - 5*g + 23 = 0. Let c be -2*(4 + 207/6) + p. What are the prime factors of (44/6)/((-4)/c) + -4?
139
Let x = -9271 - -26481. List the prime factors of x.
2, 5, 1721
Suppose 0 = 13*a - 212 - 61. Let t(v) = -2*v**2 + 139*v - 52. What are the prime factors of t(a)?
5, 397
Let v = 744 + 552. What are the prime factors of v?
2, 3
Let v be ((-24)/(-180) + 4/(-30))/(-1). Suppose -3*w - 2153 = -4*b + 1868, b - w - 1006 = v. Suppose 5*g + 148 = b. List the prime factors of g.
3, 19
Let f(a) = -395*a**3 - 3*a**2 - 3*a - 2. Let x be f(-1). Let h = -72 + x. What are the prime factors of h?
3, 107
Suppose 0 = -8*t + 997 + 1115. Let j = 378 - t. What are the prime factors of j?
2, 3, 19
Suppose 21420 = -21*l + 55*l. List the prime factors of l.
2, 3, 5, 7
Let r(n) be the second derivative of 3/2*n**2 + 1/4*n**4 - 1/10*n**5 - 1/6*n**3 - 8*n + 0. List the prime factors of r(-3).
3, 29
Suppose -6*c - 16*c = 0. Suppose c = 2*o - 30*o + 13916. What are the prime factors of o?
7, 71
Let z(d) = -d**2 + 7*d + 44. Let c be z(10). Let n be 1 + ((-10)/45 - c/18). Suppose -2*x - i + 447 = n, -i - 114 = -4*x + 789. What are the prime factors of x?
3, 5
Let z be (1*-2)/((-2)/3). Let d = -413 + 413. Suppose 5*l - 36 = -d*j - 3*j, -3*l + z*j + 36 = 0. List the prime factors of l.
3
Suppose 15868*w + 40125 = 15871*w. What are the prime factors of w?
5, 107
Let f = 39 + -19. Let b = 50 - f. Suppose -32*p + 264 = -b*p. What are the prime factors of p?
2, 3, 11
Let x be 32/18 + 44/198. Let c be (0 - x)/((-9)/((-540)/(-8))). What are the prime factors of (c/30)/((-1)/(-130))?
5, 13
Suppose -4*q + 13621 = -25215. List the prime factors of q.
7, 19, 73
Let g(x) = 163*x**2 - 109*x - 932. What are the prime factors of g(-8)?
2, 2593
Let t = 4921 - 2493. What are the prime factors of t?
2, 607
List the prime factors of 4/18 + (-83676)/(-108).
5, 31
Let w(m) = 16044*m - 7. List the prime factors of w(1).
7, 29, 79
Let j = 495 - 489. Suppose 4*m - 1028 = 4*d, m + 3*d + 1293 = j*m. What are the prime factors of m?
3, 29
Let x be -2697*(4/(-2) + 3). Let s = x + 1596. List the prime factors of 6/10 + s/(-15).
2, 37
Suppose 0 = -4*b - 4, -111 = -4*n + 4*b + 353. Let t be (10/(-4))/(1/(-62)). Suppose -2*c - 2*i = -108, -5*c + n = i - t. What are the prime factors of c?
2, 3
Let f(m) = -m**3 - 15 - 10*m + 7*m**2 - 28*m**2 - 11*m. What are the prime factors of f(-21)?
2, 3, 71
Let i(q) be the third derivative of -q**5/60 - 5*q**4/8 - 5*q**3/3 - 3*q**2. Let v be i(-15). What are the prime factors of (-20)/6*18/v?
2, 3
Let m = 227 - 233. What are the prime factors of (m/(-9) + -2)/((-14)/1659)?
2, 79
Let c(f) be the second derivative of -7*f**3/3 - 35*f**2/2 - 6*f - 8. What are the prime factors of c(-3)?
7
Suppose -73*m - 38087 = -178101. List the prime factors of m.
2, 7, 137
Let o(s) = 1084*s + 1018. What are the prime factors of o(9)?
2, 5387
Suppose 3*s - 5*k - 3553 = 0, 0*s = -3*s - k + 3523. Suppose 17*b - 45*b + s = 0. What are the prime factors of b?
2, 3, 7
Suppose 0 = -24*z + 21*z + 12. Suppose -2*r - r = 5*s - 2855, -5*s - z*r = -2860. What are the prime factors of s?
2, 71
Suppose 0 = 9*v - 1978 - 1622. Let b be 1 + -1 - -1*2. Suppose 3*u - 295 = -b*i, 4*u + 2*i - i = v. What are the prime factors of u?
101
Let r be (-1287)/54 + (-3)/(-18)*-1. What are the prime factors of (-11)/66 + (-27364)/r?
2, 3, 5, 19
Let z(s) = -7*s**3 + 79*s**2 - 9*s - 49. What are the prime factors of z(8)?
7, 193
Let n(q) = 73*q**3 + 305*q**2 + 3*q - 5. What are the prime factors of n(7)?
2, 5
Let v be (5 - (-7 - -6)) + -6. Suppose -7*h + h + 1362 = v. List the prime factors of h.
227
Let c = -9996 - -16302. List the prime factors of c.
2, 3, 1051
Let n(z) = 42*z**2 - 2*z. Let c(g) = 2*g**3 - 14*g**2 + 2*g - 10. Let h be c(7). Let r be 1 - ((-252)/(-98) - h/7). List the prime factors of n(r).
2, 11
Let a = -4553 - -4819. What are the prime factors of a?
2, 7, 19
Let n(s) = -3*s**2 + 16*s + 3. Let g be n(5). Suppose -2*b + 4*b - g = 0. Suppose 0 = b*i + x - 28, -3*i + 5*x = -0*x - 21. List the prime factors of i.
7
Suppose -t + 4*k + 7171 = 0, -3*t = -6*t - k + 21513. List the prime factors of t.
71, 101
Let h = 876 + -506. Suppose -x + 2*d + 39 + 313 = 0, -x + h = 4*d. What are the prime factors of x?
2, 179
Let y = 20103 + -7954. List the prime factors of y.
12149
Let j(a) = 8*a**2 - a + 3. Let g be (-19)/(-38) + 7/(-2). List the prime factors of j(g).
2, 3, 13
Suppose -2*z + 170 = -3*s, -27 + 131 = -2*s - z. Let c = -51 - s. Suppose -c*i = -2*i - 205. What are the prime factors of i?
5, 41
Let n be ((-9)/2)/(-5 - (-45)/10). Suppose -n*t + 13*t - 2*g = 1524, -5*t + 1879 = 4*g. Let b = t + -240. List the prime factors of b.
139
Let q = 104 - 95. Suppose -q*j + 1945 = -917. List the prime factors of j.
2, 3, 53
Suppose 0 = -3*y - 3*a, -2*a + 3 + 1 = 0. Let k be 8*((-2)/10)/(y/5). Let i(v) = 27*v - 21. List the prime factors of i(k).
3, 29
Suppose 15*o + o - 64 = 0. Suppose k = o*k - 747. List the prime factors of k.
3, 83
Suppose -8*a = 30*a - 190. Suppose 5*y - 370 = -3*m + 84, -a*y - 464 = -3*m. What are the prime factors of m?
3, 17
Suppose 103*j - 107*j = -28. What are the prime factors of (-26)/91 + 2144/j?
2, 3, 17
List the prime factors of (-4)/((-13)/((-13)/(-4)))*1412.
2, 353
Let w = 41525 - 28492. What are the prime factors of w?
13033
Suppose 4*w + h - 925 + 3691 = 0, 0 = -3*w + 3*h - 2082. Let r = 1156 + w. List the prime factors of r.
2, 29
Let v = -5016 - -13105. List the prime factors of v.
8089
What are the prime factors of (21631 - 0) + ((-192)/36*3 - -10)?
5, 173
Let o(n) = -604*n + 4. Let a(f) = 606*f - 3. Let z(j) = -5*a(j) - 4*o(j). Let m(h) = 307*h + 1. Let p(k) = 5*m(k) + 3*z(k). List the prime factors of p(-1).
3, 103
Let f = -38 + 48. Let n(u) = u**2 - 7*u - 8. Let x be n(f). Suppose -w + x = -35. List the prime factors of w.
3, 19
Let s = 79002 + -55339. What are the prime factors of s?
23663
Let t = 35 + -35. Let y be t - 1/((-2)/(-8)). List the prime factors of 3876/54 - y/18.
2, 3
Let q(s) be the third derivative of s**5/60 - 7*s**3/2 - 8*s**2. Let r be q(-13). Let m = r + -61. List the prime factors of m.
3, 29
Suppose 4*z + 2*l - 1156 = -2*l, -2*l = -7*z + 2005. Let k = 1110 - z. List the prime factors of k.
823
Let i(p) = p**3 - 18*p**2 + 19*p - 33. Let n be i(17). Suppose f - 5*y - 35 = 0, 3*y - n = -4. List the prime factors of f.
2, 3, 5
Let u be 3 + (-4)/((-4)/(-6)*96/(-64)). Let g = 977 + 491. Suppose g + 324 = u*d. List the prime factors of d.
2
What are the prime factors of ((4 - 1) + -2547)*(-44)/16?
2, 3, 11, 53
Let q be 42/4 - ((-45)/(-6))/5. What are the prime factors of 75 + q*3/9?
